{"id":1729,"date":"2020-06-04T18:41:06","date_gmt":"2020-06-04T16:41:06","guid":{"rendered":"https:\/\/hvarsummerfestival.hr\/radojka-sverko\/"},"modified":"2020-06-05T08:22:15","modified_gmt":"2020-06-05T06:22:15","slug":"radojka-sverko","status":"publish","type":"page","link":"https:\/\/2020.hvarsummerfestival.hr\/en\/radojka-sverko\/","title":{"rendered":"Radojka \u0160verko"},"content":{"rendered":"<p><img loading=\"lazy\" class=\"alignnone size-full wp-image-1683\" src=\"https:\/\/2020.hvarsummerfestival.hr\/wp-content\/uploads\/2020\/06\/Radojka-S\u030cverko.jpg\" alt=\"\" width=\"1000\" height=\"667\" srcset=\"https:\/\/2020.hvarsummerfestival.hr\/wp-content\/uploads\/2020\/06\/Radojka-S\u030cverko.jpg 1000w, https:\/\/2020.hvarsummerfestival.hr\/wp-content\/uploads\/2020\/06\/Radojka-S\u030cverko-300x200.jpg 300w, https:\/\/2020.hvarsummerfestival.hr\/wp-content\/uploads\/2020\/06\/Radojka-S\u030cverko-768x512.jpg 768w\" sizes=\"(max-width: 1000px) 100vw, 1000px\" \/><\/p>\n<p><strong>Radojka \u0160verko <\/strong>is one of Croatia\u2019s most prominent musical divas, whose distinguishable, luxurious voice has been recognized by many festivals in the country and abroad.<\/p>\n<p>Although her professional singing career began in 1967, \u0160verko became known to the wider public after her performance of \u201cKud plovi ovaj brod\u201d at the <em>Split music festival<\/em> in 1970, when the great Italian star <a href=\"https:\/\/hr.wikipedia.org\/wiki\/Sergio_Endrigo\">Sergio Endrigo<\/a> was an alternate for the same song. Her first major international achievement came with a the third place at the 1969 Festival del <em>Atlantico in Tenerife<\/em>, earned with a song \u201cNuestro mundo\u201d by <a href=\"https:\/\/hr.wikipedia.org\/wiki\/Alfi_Kabiljo\">Alfi Kabilj<\/a>o. The following year, she received the Most Outstanding Performance award after singing \u201cSvijet je moj\u201d, also written by Alfi Kabiljo, becoming the first artist to win this recognition after the famed <a href=\"https:\/\/hr.wikipedia.org\/wiki\/Janis_Joplin\">Janis Joplin<\/a>.<\/p>\n<p>The list of venues where she performed and won awards continues with Tokyo, Los Angeles, Madrid, Seoul, Athens, Puerto Rico, Caracas, Curacao, Bratislava, Florence, Palma de Mallorca, Rio de Janeiro, etc. At some of these festivals, \u0160verko outperformed <a href=\"https:\/\/hr.wikipedia.org\/wiki\/David_Bowie\">David Bowie<\/a> and Natalie Cole, who were also among her competitors.<\/p>\n<p>During the 1980s, Radojka \u0160verko made a career in theatre. Her debut was in the <em>Gubec-beg<\/em> rock opera as Jana (directed by <a href=\"https:\/\/hr.wikipedia.org\/wiki\/Vlado_%C5%A0tefan%C4%8Di%C4%87\">Vlado \u0160tefan\u010di\u0107<\/a>), followed by a role in <em>Gri\u010dka vje\u0161tica<\/em>, another rock opera (the character of Nera), <em>Les Mis\u00e9rables <\/em>the musical (as Fantine), and rock opera <em>Karolina Rije\u010dka<\/em> (starring as Karolina). Radojka \u0160verko likes to have religious music on her repertoire often, and to perform it in churches accompanied by the organ, a choir, or a chamber orchestra. This repertoire features music written by Bach, Gounod, Schubert, Verdi, and Mozart, among others.<\/p>\n<p>Learn more at <a href=\"http:\/\/www.radojkasverko.com\">www.radojkasverko.com<\/a><\/p>\n","protected":false},"excerpt":{"rendered":"<p>Radojka \u0160verko is one of Croatia\u2019s most prominent musical divas, whose distinguishable, luxurious voice has been recognized by many festivals in the country and abroad. Although her professional singing career began in 1967, \u0160verko became known to the wider public after her performance of \u201cKud plovi ovaj brod\u201d at the Split music festival in 1970, [&hellip;]<\/p>\n","protected":false},"author":1,"featured_media":1684,"parent":0,"menu_order":0,"comment_status":"closed","ping_status":"closed","template":"","meta":[],"yoast_head":"<!-- This site is optimized with the Yoast SEO plugin v16.6.1 - https:\/\/yoast.com\/wordpress\/plugins\/seo\/ -->\n<title>Hvar Summer Festival | Radojka \u0160verko<\/title>\n<meta name=\"description\" content=\"Radojka \u0160verko is one of Croatia\u2019s most prominent musical divas, whose distinguishable, luxurious voice has been recognized by many festivals in the country and abroad.\" \/>\n<meta name=\"robots\" content=\"index, follow, max-snippet:-1, max-image-preview:large, max-video-preview:-1\" \/>\n<link rel=\"canonical\" href=\"https:\/\/2020.hvarsummerfestival.hr\/en\/radojka-sverko\/\" \/>\n<meta property=\"og:locale\" content=\"en_US\" \/>\n<meta property=\"og:type\" content=\"article\" \/>\n<meta property=\"og:title\" content=\"Hvar Summer Festival | Radojka \u0160verko\" \/>\n<meta property=\"og:description\" content=\"Radojka \u0160verko is one of Croatia\u2019s most prominent musical divas, whose distinguishable, luxurious voice has been recognized by many festivals in the country and abroad.\" \/>\n<meta property=\"og:url\" content=\"https:\/\/2020.hvarsummerfestival.hr\/en\/radojka-sverko\/\" \/>\n<meta property=\"og:site_name\" content=\"Hvar Summer Festival\" \/>\n<meta property=\"article:publisher\" content=\"https:\/\/www.facebook.com\/HvarSummerFestival\/\" \/>\n<meta property=\"article:modified_time\" content=\"2020-06-05T06:22:15+00:00\" \/>\n<meta property=\"og:image\" content=\"https:\/\/2020.hvarsummerfestival.hr\/wp-content\/uploads\/2020\/06\/Radojka-S\u030cverko.jpg\" \/>\n\t<meta property=\"og:image:width\" content=\"1000\" \/>\n\t<meta property=\"og:image:height\" content=\"667\" \/>\n<meta name=\"twitter:card\" content=\"summary_large_image\" \/>\n<meta name=\"twitter:label1\" content=\"Est. reading time\" \/>\n\t<meta name=\"twitter:data1\" content=\"1 minute\" \/>\n<script type=\"application\/ld+json\" class=\"yoast-schema-graph\">{\"@context\":\"https:\/\/schema.org\",\"@graph\":[{\"@type\":\"WebSite\",\"@id\":\"https:\/\/2020.hvarsummerfestival.hr\/#website\",\"url\":\"https:\/\/2020.hvarsummerfestival.hr\/\",\"name\":\"Hvar Summer Festival\",\"description\":\"\",\"potentialAction\":[{\"@type\":\"SearchAction\",\"target\":{\"@type\":\"EntryPoint\",\"urlTemplate\":\"https:\/\/2020.hvarsummerfestival.hr\/?s={search_term_string}\"},\"query-input\":\"required name=search_term_string\"}],\"inLanguage\":\"en-US\"},{\"@type\":\"ImageObject\",\"@id\":\"https:\/\/2020.hvarsummerfestival.hr\/en\/radojka-sverko\/#primaryimage\",\"inLanguage\":\"en-US\",\"url\":\"https:\/\/2020.hvarsummerfestival.hr\/wp-content\/uploads\/2020\/06\/Radojka-S\\u030cverko.jpg\",\"contentUrl\":\"https:\/\/2020.hvarsummerfestival.hr\/wp-content\/uploads\/2020\/06\/Radojka-S\\u030cverko.jpg\",\"width\":1000,\"height\":667},{\"@type\":\"WebPage\",\"@id\":\"https:\/\/2020.hvarsummerfestival.hr\/en\/radojka-sverko\/#webpage\",\"url\":\"https:\/\/2020.hvarsummerfestival.hr\/en\/radojka-sverko\/\",\"name\":\"Hvar Summer Festival | Radojka \\u0160verko\",\"isPartOf\":{\"@id\":\"https:\/\/2020.hvarsummerfestival.hr\/#website\"},\"primaryImageOfPage\":{\"@id\":\"https:\/\/2020.hvarsummerfestival.hr\/en\/radojka-sverko\/#primaryimage\"},\"datePublished\":\"2020-06-04T16:41:06+00:00\",\"dateModified\":\"2020-06-05T06:22:15+00:00\",\"description\":\"Radojka \\u0160verko is one of Croatia\\u2019s most prominent musical divas, whose distinguishable, luxurious voice has been recognized by many festivals in the country and abroad.\",\"breadcrumb\":{\"@id\":\"https:\/\/2020.hvarsummerfestival.hr\/en\/radojka-sverko\/#breadcrumb\"},\"inLanguage\":\"en-US\",\"potentialAction\":[{\"@type\":\"ReadAction\",\"target\":[\"https:\/\/2020.hvarsummerfestival.hr\/en\/radojka-sverko\/\"]}]},{\"@type\":\"BreadcrumbList\",\"@id\":\"https:\/\/2020.hvarsummerfestival.hr\/en\/radojka-sverko\/#breadcrumb\",\"itemListElement\":[{\"@type\":\"ListItem\",\"position\":1,\"name\":\"Home\",\"item\":\"https:\/\/2020.hvarsummerfestival.hr\/en\/\"},{\"@type\":\"ListItem\",\"position\":2,\"name\":\"Radojka \\u0160verko\"}]}]}<\/script>\n<!-- \/ Yoast SEO plugin. -->","_links":{"self":[{"href":"https:\/\/2020.hvarsummerfestival.hr\/en\/wp-json\/wp\/v2\/pages\/1729\/"}],"collection":[{"href":"https:\/\/2020.hvarsummerfestival.hr\/en\/wp-json\/wp\/v2\/pages\/"}],"about":[{"href":"https:\/\/2020.hvarsummerfestival.hr\/en\/wp-json\/wp\/v2\/types\/page\/"}],"author":[{"embeddable":true,"href":"https:\/\/2020.hvarsummerfestival.hr\/en\/wp-json\/wp\/v2\/users\/1\/"}],"replies":[{"embeddable":true,"href":"https:\/\/2020.hvarsummerfestival.hr\/en\/wp-json\/wp\/v2\/comments\/?post=1729"}],"version-history":[{"count":0,"href":"https:\/\/2020.hvarsummerfestival.hr\/en\/wp-json\/wp\/v2\/pages\/1729\/revisions\/"}],"wp:featuredmedia":[{"embeddable":true,"href":"https:\/\/2020.hvarsummerfestival.hr\/en\/wp-json\/wp\/v2\/media\/1684\/"}],"wp:attachment":[{"href":"https:\/\/2020.hvarsummerfestival.hr\/en\/wp-json\/wp\/v2\/media\/?parent=1729"}],"curies":[{"name":"wp","href":"https:\/\/api.w.org\/{rel}","templated":true}]}}

Radojka Šverko

<p><img loading="lazy" class="alignnone size-full wp-image-1683" src="https://2020.hvarsummerfestival.hr/wp-content/uploads/2020/06/Radojka-Šverko.jpg" alt="" width="1000" height="667" srcset="https://2020.hvarsummerfestival.hr/wp-content/uploads/2020/06/Radojka-Šverko.jpg 1000w, https://2020.hvarsummerfestival.hr/wp-content/uploads/2020/06/Radojka-Šverko-300x200.jpg 300w, https://2020.hvarsummerfestival.hr/wp-content/uploads/2020/06/Radojka-Šverko-768x512.jpg 768w" sizes="(max-width: 1000px) 100vw, 1000px" /></p>
<p><strong>Radojka Šverko </strong>is one of Croatia’s most prominent musical divas, whose distinguishable, luxurious voice has been recognized by many festivals in the country and abroad.</p>
<p>Although her professional singing career began in 1967, Šverko became known to the wider public after her performance of “Kud plovi ovaj brod” at the <em>Split music festival</em> in 1970, when the great Italian star <a href="https://hr.wikipedia.org/wiki/Sergio_Endrigo">Sergio Endrigo</a> was an alternate for the same song. Her first major international achievement came with a the third place at the 1969 Festival del <em>Atlantico in Tenerife</em>, earned with a song “Nuestro mundo” by <a href="https://hr.wikipedia.org/wiki/Alfi_Kabiljo">Alfi Kabilj</a>o. The following year, she received the Most Outstanding Performance award after singing “Svijet je moj”, also written by Alfi Kabiljo, becoming the first artist to win this recognition after the famed <a href="https://hr.wikipedia.org/wiki/Janis_Joplin">Janis Joplin</a>.</p>
<p>The list of venues where she performed and won awards continues with Tokyo, Los Angeles, Madrid, Seoul, Athens, Puerto Rico, Caracas, Curacao, Bratislava, Florence, Palma de Mallorca, Rio de Janeiro, etc. At some of these festivals, Šverko outperformed <a href="https://hr.wikipedia.org/wiki/David_Bowie">David Bowie</a> and Natalie Cole, who were also among her competitors.</p>
<p>During the 1980s, Radojka Šverko made a career in theatre. Her debut was in the <em>Gubec-beg</em> rock opera as Jana (directed by <a href="https://hr.wikipedia.org/wiki/Vlado_%C5%A0tefan%C4%8Di%C4%87">Vlado Štefančić</a>), followed by a role in <em>Grička vještica</em>, another rock opera (the character of Nera), <em>Les Misérables </em>the musical (as Fantine), and rock opera <em>Karolina Riječka</em> (starring as Karolina). Radojka Šverko likes to have religious music on her repertoire often, and to perform it in churches accompanied by the organ, a choir, or a chamber orchestra. This repertoire features music written by Bach, Gounod, Schubert, Verdi, and Mozart, among others.</p>
<p>Learn more at <a href="http://www.radojkasverko.com">www.radojkasverko.com</a></p>

<p>Radojka Šverko is one of Croatia’s most prominent musical divas, whose distinguishable, luxurious voice has been recognized by many festivals in the country and abroad. Although her professional singing career began in 1967, Šverko became known to the wider public after her performance of “Kud plovi ovaj brod” at the Split music festival in 1970, [&hellip;]</p>

<!-- This site is optimized with the Yoast SEO plugin v16.6.1 - https://yoast.com/wordpress/plugins/seo/ -->
<title>Hvar Summer Festival | Radojka Šverko</title>
<meta name="description" content="Radojka Šverko is one of Croatia’s most prominent musical divas, whose distinguishable, luxurious voice has been recognized by many festivals in the country and abroad." />
<meta name="robots" content="index, follow, max-snippet:-1, max-image-preview:large, max-video-preview:-1" />
<link rel="canonical" href="https://2020.hvarsummerfestival.hr/en/radojka-sverko/" />
<meta property="og:locale" content="en_US" />
<meta property="og:type" content="article" />
<meta property="og:title" content="Hvar Summer Festival | Radojka Šverko" />
<meta property="og:description" content="Radojka Šverko is one of Croatia’s most prominent musical divas, whose distinguishable, luxurious voice has been recognized by many festivals in the country and abroad." />
<meta property="og:url" content="https://2020.hvarsummerfestival.hr/en/radojka-sverko/" />
<meta property="og:site_name" content="Hvar Summer Festival" />
<meta property="article:publisher" content="https://www.facebook.com/HvarSummerFestival/" />
<meta property="article:modified_time" content="2020-06-05T06:22:15+00:00" />
<meta property="og:image" content="https://2020.hvarsummerfestival.hr/wp-content/uploads/2020/06/Radojka-Šverko.jpg" />
	<meta property="og:image:width" content="1000" />
	<meta property="og:image:height" content="667" />
<meta name="twitter:card" content="summary_large_image" />
<meta name="twitter:label1" content="Est. reading time" />
	<meta name="twitter:data1" content="1 minute" />
<script type="application/ld+json" class="yoast-schema-graph">{"@context":"https://schema.org","@graph":[{"@type":"WebSite","@id":"https://2020.hvarsummerfestival.hr/#website","url":"https://2020.hvarsummerfestival.hr/","name":"Hvar Summer Festival","description":"","potentialAction":[{"@type":"SearchAction","target":{"@type":"EntryPoint","urlTemplate":"https://2020.hvarsummerfestival.hr/?s={search_term_string}"},"query-input":"required name=search_term_string"}],"inLanguage":"en-US"},{"@type":"ImageObject","@id":"https://2020.hvarsummerfestival.hr/en/radojka-sverko/#primaryimage","inLanguage":"en-US","url":"https://2020.hvarsummerfestival.hr/wp-content/uploads/2020/06/Radojka-S\u030cverko.jpg","contentUrl":"https://2020.hvarsummerfestival.hr/wp-content/uploads/2020/06/Radojka-S\u030cverko.jpg","width":1000,"height":667},{"@type":"WebPage","@id":"https://2020.hvarsummerfestival.hr/en/radojka-sverko/#webpage","url":"https://2020.hvarsummerfestival.hr/en/radojka-sverko/","name":"Hvar Summer Festival | Radojka \u0160verko","isPartOf":{"@id":"https://2020.hvarsummerfestival.hr/#website"},"primaryImageOfPage":{"@id":"https://2020.hvarsummerfestival.hr/en/radojka-sverko/#primaryimage"},"datePublished":"2020-06-04T16:41:06+00:00","dateModified":"2020-06-05T06:22:15+00:00","description":"Radojka \u0160verko is one of Croatia\u2019s most prominent musical divas, whose distinguishable, luxurious voice has been recognized by many festivals in the country and abroad.","breadcrumb":{"@id":"https://2020.hvarsummerfestival.hr/en/radojka-sverko/#breadcrumb"},"inLanguage":"en-US","potentialAction":[{"@type":"ReadAction","target":["https://2020.hvarsummerfestival.hr/en/radojka-sverko/"]}]},{"@type":"BreadcrumbList","@id":"https://2020.hvarsummerfestival.hr/en/radojka-sverko/#breadcrumb","itemListElement":[{"@type":"ListItem","position":1,"name":"Home","item":"https://2020.hvarsummerfestival.hr/en/"},{"@type":"ListItem","position":2,"name":"Radojka \u0160verko"}]}]}</script>
<!-- / Yoast SEO plugin. -->
